se 6, what is -235 + 30?
-205
In base 5, what is 21100 + 0?
21100
In base 15, what is -14a - 3?
-14d
In base 6, what is 5422 - -2?
5424
In base 6, what is -2 - -440?
434
In base 4, what is 2123130 - 0?
2123130
In base 3, what is 2202220 - -10?
2210000
In base 12, what is 346 - 5?
341
In base 15, what is 0 + -6?
-6
In base 8, what is 5 - 166?
-161
In base 6, what is 1532 + -4?
1524
In base 7, what is -114 + 211?
64
In base 3, what is -121 - -11211?
11020
In base 6, what is 2341 + -11?
2330
In base 12, what is -1 - 71?
-72
In base 13, what is -7ac + -2?
-7b1
In base 5, what is -13 + 124?
111
In base 14, what is 1 - 61?
-60
In base 2, what is -10111 + -1101?
-100100
In base 8, what is 200 + -114?
64
In base 16, what is 4 - -d5?
d9
In base 11, what is 0 + 686a?
686a
In base 2, what is 111110111111 + 0?
111110111111
In base 14, what is 11b - 5?
116
In base 5, what is -1 - 32144?
-32200
In base 6, what is 3 + -23?
-20
In base 7, what is -22 + 630?
605
In base 3, what is 20212 - 2?
20210
In base 3, what is -1001112 - 2?
-1001121
In base 16, what is -51 + 3?
-4e
In base 8, what is -47 + 1064?
1015
In base 15, what is -669 - 0?
-669
In base 8, what is -3 - -453?
450
In base 14, what is -2 + 235?
233
In base 8, what is 5 - 4?
1
In base 11, what is -94 - -2?
-92
In base 15, what is -4 - -3c0?
3bb
In base 10, what is -5863 + 4?
-5859
In base 15, what is 9 - -41?
4a
In base 15, what is 3 + -780?
-77c
In base 4, what is -3 + 21?
12
In base 5, what is -4 - 243440?
-243444
In base 14, what is 0 + -b3?
-b3
In base 12, what is -1 - -1b98?
1b97
In base 13, what is 59 + 3?
5c
In base 16, what is f - e?
1
In base 10, what is 26 + 1?
27
In base 8, what is -2 + -1142?
-1144
In base 3, what is 1 + -1000?
-222
In base 8, what is -52 + -574?
-646
In base 12, what is 3a6 + -1?
3a5
In base 5, what is -1224 + -3?
-1232
In base 12, what is -6 + -47?
-51
In base 8, what is -207 + -4?
-213
In base 7, what is -1560 - 11?
-1601
In base 3, what is -110 - -1201?
1021
In base 10, what is 13605 + 0?
13605
In base 15, what is -16e - -3?
-16b
In base 8, what is -320 + 5?
-313
In base 14, what is -1 - 87?
-88
In base 6, what is -2211 - 25?
-2240
In base 4, what is -22 + -1033?
-1121
In base 5, what is -31 + -13244?
-13330
In base 10, what is -21 - 46?
-67
In base 3, what is 12220 + -2121?
10022
In base 10, what is 54 + -5?
49
In base 6, what is 4 + 120?
124
In base 5, what is 10 + -331?
-321
In base 6, what is 1 + -4130?
-4125
In base 3, what is -201 - 2102?
-10010
In base 5, what is 2144 + -22?
2122
In base 2, what is 1000110011 + 0?
1000110011
In base 4, what is 3 - -13200?
13203
In base 8, what is 4457 - -2?
4461
In base 8, what is 14356 + 2?
14360
In base 5, what is -4334 - 3?
-4342
In base 11, what is 12 + 215?
227
In base 11, what is -6 + 58?
52
In base 13, what is -2 + 2a?
28
In base 4, what is -220 - 0?
-220
In base 6, what is -412 - -15?
-353
In base 11, what is -2104 + 5?
-20aa
In base 13, what is -1b + -3?
-21
In base 12, what is a + b2?
100
In base 3, what is -1112 - -1101?
-11
In base 4, what is -1033 + -3?
-1102
In base 4, what is -2331 - 23?
-3020
In base 4, what is -11031 + -2?
-11033
In base 16, what is -26c - 5?
-271
In base 9, what is 52 + -2?
50
In base 10, what is -45 - -6?
-39
In base 14, what is 934 - -3?
937
In base 14, what is -4 + 1797?
1793
In base 15, what is 56e + 10?
57e
In base 8, what is -460 - 1?
-461
In base 4, what is -1 + -321311?
-321312
In base 4, what is -10 - 233?
-303
In base 6, what is -4 + 3532?
3524
In base 5, what is 2211 + -1?
2210
In base 16, what is -f8 - -4?
-f4
In base 7, what is 1501 - -13?
1514
In base 4, what is -100 - -1?
-33
In base 15, what is -4 + 6a?
66
In base 7, what is 13 + 15?
31
In base 5, what is -24 - -420?
341
In base 8, what is 246 - 52?
174
In base 3, what is 1000 - -1212?
2212
In base 9, what is 34 - 36?
-2
In base 2, what is 11110001 - 11?
11101110
In base 7, what is -2 - -543?
541
In base 8, what is 102 - -77?
201
In base 9, what is 5 + -34?
-28
In base 12, what is 34 - -246?
27a
In base 2, what is -1011 + -110?
-10001
In base 13, what is 12 + -35?
-23
In base 16, what is -11 - -3?
-e
In base 5, what is -30 + -211?
-241
In base 15, what is -2c9 + -4?
-2cd
In base 6, what is -112 - 103?
-215
In base 4, what is 13 + -300?
-221
In base 3, what is 221 - 112?
102
In base 2, what is 1000000001000010 - -100?
1000000001000110
In base 12, what is a - -436?
444
In base 5, what is 10124 - 4?
10120
In base 4, what is 302 - -2?
310
In base 2, what is 11 - 10101?
-10010
In base 9, what is -13 - -257?
244
In base 15, what is 210 + 1?
211
In base 4, what is -203000 + -10?
-203010
In base 3, what is 212 + -221?
-2
In base 3, what is 10022 + 12?
10111
In base 12, what is -173 - -4?
-16b
In base 6, what is -54 - -2215?
2121
In base 14, what is -15c - -4?
-158
In base 6, what is -2523 - 3?
-2530
In base 13, what is -8a - 22?
-ac
In base 9, what is 17274 - 2?
17272
In base 14, what is -1 - -63?
62
In base 8, what is -22 - -226?
204
In base 16, what is -75e - -3?
-75b
In base 4, what is 3 - 312?
-303
In base 12, what is -30 + -a?
-3a
In base 6, what is 51 + 121?
212
In base 7, what is 1103 + 4?
1110
In base 8, what is -7 + -1042?
-1051
In base 11, what is 0 + 66?
66
In base 2, what is -10 + 11111001?
11110111
In base 7, what is 50 - -14?
64
In base 5, what is 130 - -40?
220
In base 16, what is 7ca - -2?
7cc
In base 15, what is -10 - 1a?
-2a
In base 11, what is 848 - -3?
850
In base 8, what is -455 - 33?
-510
In base 2, what is 10100100001 + -1101?
10100010100
In base 10, what is 3 - -2044?
2047
In base 10, what is -27 - -200?
173
In base 15, what is 0 - -303?
303
In base 16, what is 458c + 5?
4591
In base 12, what is 54 - -7?
5b
In base 3, what is 20 + -120101?
-120011
In base 4, what is -13 - 103?
-122
In base 11, what is -20a9 - 4?
-2102
In base 12, what is 5 - -83?
88
In base 4, what is -11 - -12112?
12101
In base 11, what is -217 - -6?
-211
In base 15, what is -2 - -b3?
b1
In base 8, what is -3 + 372?
367
In base 4, what is 21113 + 3?
21122
In base 16, what is 22 + e?
30
In base 8, what is 5455 - 0?
5455
In base 2, what is 10110 - -1010011?
1101001
In base 6, what is 5124 + 3?
5131
In base 3, what is -11 + -1021?
-1102
In base 6, what is 2 - -1010?
1012
In base 10, what is -2 - -39?
37
In base 8, what is 7 - -24?
33
In base 2, what is 111000100101 - 11?
111000100010
In base 6, what is -3 + 123?
120
In base 2, what is 1 - -1101?
1110
In base 3, what is 1 - -210120?
210121
In base 3, what is 1101020 - 0?
1101020
In base 9, what is 5 - 86?
-81
In base 14, what is 363 + -7?
35a
In base 12, what is 21 - 4?
19
In base 11, what is -15 - -3?
-12
In base 2, what is -10000111101 - 1?
-10000111110
In base 9, what is -7 + 45?
37
In base 3, what is -2010012 - -12?
-2010000
In base 13, what is -404 + 2?
-402
In base 16, what is -e85 - 2?
-e87
In base 6, what is 141 + 5?
150
In base 2, what is -11 - 11010000110?
-11010001001
In base 13, what is 4a3 - 5?
49b
In base 14, what is -4a9 - -1?
-4a8
In base 16, what is 6b + d?
78
In base 12, what is -5 - 195?
-19a
In base 9, what is -1461 + -4?
-1465
In base 3, what is -12 - -12102211?
12102122
In base 2, what is 1111 - -1110111?
10000110
In base 11, what is 21 + 88?
a9
In base 14, what is 2 + 72?
74
In base 5, what is 1 - 134432?
-134431
In base 5, what is 10 + -1440?
-1430
In base 14, what is -4 - -1?
-3
In base 4, what is 120 - -3?
123
In base 4, what is 111 + -1131?
-1020
In base 8, what is 27 + 4?
33
In base 13, what is 145 + -5?
140
In base 6, what is 23 - -101?
124
In base 11, what is -3 + -1a?
-22
In base 12, what is 110 + -1b?
b1
In base 11, what is 7a61 - 3?
7a59
In base 15, what is 29c9 + -3?
29c6
In base 6, what is -2252 - -5?
-2243
In base 14, what is 5 + 14c9?
14d0
In base 3, what is -20110201 - 1?
-20110202
In base 2, what is 110 - -11000?
11110
In base 9, what is 6 + 231?
237
In base 5, what is 20313 + 10?
20323
In base 16, what is 277d - 3?
277a
In base 7, what is -2 + -165?
-200
In base 11, what is 2a - -9?
38
In base 15, what is b - c0?
-b4
In base 7, what is 5 - -414?
422
In base 3, what is -201 - -12211?
12010
In base 9, what is 1 + 23?
24
In base 5, what is 12 + -4203?
-4141
In base 14, what is 47ac + -3?
47a9
In base 8, what is 45 - 5?
40
In base 6, what is 24 - -1000?
1024
I